nd 287.
41
Calculate the highest common divisor of 96 and 84.
12
What is the greatest common factor of 9 and 423?
9
Calculate the highest common factor of 180 and 405.
45
What is the highest common factor of 925 and 37?
37
What is the highest common divisor of 132 and 12?
12
Calculate the greatest common divisor of 913 and 11.
11
Calculate the highest common factor of 7 and 868.
7
What is the highest common factor of 648 and 360?
72
What is the highest common factor of 40 and 440?
40
What is the highest common divisor of 18 and 207?
9
What is the greatest common divisor of 390 and 26?
26
Calculate the greatest common factor of 178 and 16999.
89
Calculate the highest common divisor of 91 and 175.
7
What is the greatest common divisor of 876 and 192?
12
Calculate the greatest common divisor of 13 and 1079.
13
Calculate the highest common factor of 46 and 46.
46
What is the greatest common divisor of 48 and 168?
24
What is the greatest common divisor of 15 and 141?
3
Calculate the greatest common divisor of 34 and 527.
17
What is the greatest common factor of 108 and 3?
3
Calculate the greatest common divisor of 16 and 144.
16
Calculate the greatest common factor of 38 and 184.
2
Calculate the greatest common factor of 19 and 1.
1
What is the greatest common factor of 17 and 1819?
17
Calculate the highest common factor of 531 and 63.
9
What is the highest common factor of 833 and 49?
49
What is the highest common factor of 9744 and 56?
56
What is the highest common divisor of 169 and 7969?
13
Calculate the highest common divisor of 984 and 12136.
328
Calculate the greatest common divisor of 585 and 1430.
65
What is the highest common factor of 14 and 8358?
14
What is the greatest common factor of 17116 and 44?
44
Calculate the greatest common divisor of 14276 and 166.
166
What is the highest common divisor of 2485 and 3905?
355
What is the greatest common factor of 724 and 16?
4
Calculate the greatest common factor of 27 and 19143.
27
What is the greatest common divisor of 116 and 2378?
58
What is the highest common divisor of 6468 and 1188?
132
What is the highest common divisor of 52689 and 273?
273
What is the greatest common factor of 16 and 45424?
16
What is the highest common factor of 60 and 620?
20
Calculate the greatest common divisor of 666 and 66.
6
Calculate the greatest common factor of 40 and 185.
5
What is the highest common divisor of 748 and 44?
44
What is the greatest common factor of 2120 and 2915?
265
Calculate the greatest common divisor of 45 and 927.
9
Calculate the greatest common factor of 77 and 1463.
77
Calculate the greatest common divisor of 408 and 72.
24
What is the greatest common divisor of 137 and 1781?
137
What is the highest common factor of 6744 and 36?
12
What is the highest common divisor of 72 and 63?
9
Calculate the greatest common factor of 305 and 671.
61
Calculate the greatest common divisor of 12 and 51.
3
Calculate the highest common factor of 837 and 189.
27
What is the greatest common divisor of 92 and 506?
46
What is the highest common factor of 2502 and 288?
18
What is the highest common divisor of 36 and 54?
18
Calculate the highest common factor of 34 and 442.
34
What is the highest common factor of 147 and 9408?
147
Calculate the highest common factor of 897 and 416.
13
Calculate the highest common divisor of 560 and 12040.
280
Calculate the greatest common divisor of 693 and 2409.
33
Calculate the highest common factor of 265 and 20.
5
What is the greatest common divisor of 23 and 2093?
23
Calculate the highest common divisor of 567 and 273.
21
Calculate the highest common divisor of 30 and 390.
30
Calculate the greatest common factor of 6804 and 72.
36
What is the greatest common divisor of 789 and 9?
3
What is the highest common divisor of 2744 and 28?
28
What is the greatest common divisor of 4 and 1388?
4
What is the greatest common factor of 91 and 143?
13
What is the greatest common divisor of 7299 and 63?
9
Calculate the greatest common divisor of 12 and 1368.
12
What is the greatest common factor of 8 and 32?
8
What is the highest common factor of 195 and 165?
15
What is the highest common divisor of 7 and 1561?
7
Calculate the highest common divisor of 395 and 110.
5
Calculate the highest common divisor of 434 and 350.
14
What is the highest common factor of 90 and 2286?
18
Calculate the highest common divisor of 2691 and 828.
207
What is the greatest common divisor of 90 and 120?
30
Calculate the greatest common factor of 35 and 40.
5
What is the highest common divisor of 8 and 744?
8
What is the highest common divisor of 35 and 560?
35
What is the highest common divisor of 300 and 60?
60
What is the greatest common factor of 8 and 8104?
8
Calculate the greatest common factor of 12716 and 44.
44
Calculate the greatest common factor of 126 and 17829.
63
What is the highest common divisor of 14 and 32?
2
Calculate the highest common factor of 4374 and 27.
27
Calculate the greatest common divisor of 12 and 75.
3
What is the greatest common divisor of 125 and 1775?
25
Calculate the highest common factor of 155 and 93.
31
What is the greatest common factor of 8 and 236?
4
Calculate the greatest common divisor of 16151 and 31.
31
Calculate the highest common divisor of 3120 and 3315.
195
What is the greatest common divisor of 654 and 23762?
218
What is the highest common divisor of 27 and 264?
3
What is the greatest common factor of 427 and 21?
7
What is the greatest common divisor of 76 and 64?
4
Calculate the greatest common factor of 8 and 216.
8
Calculate the greatest common factor of 75 and 1275.
75
Calculate the highest common divisor of 176 and 48.
16
Calculate the highest common factor of 126 and 198.
18
What is the highest common divisor of 360 and 80?
40
What is the highest common divisor of 265 and 85?
5
What is the highest common divisor of 920 and 345?
115
What is the highest common factor of 1575 and 693?
63
Calculate the greatest common divisor of 741 and 13.
13
Calculate the highest common factor of 2 and 106.
2
What is the greatest common divisor of 27 and 189?
27
Calculate the highest common factor of 23 and 207.
23
What is the greatest common factor of 429 and 234?
39
What is the greatest common divisor of 38 and 23275?
19
What is the greatest common factor of 72 and 63?
9
Calculate the greatest common divisor of 54188 and 62.
62
What is the highest common factor of 6 and 438?
6
What is the highest common factor of 14 and 14?
14
Calculate the highest common factor of 30 and 756.
6
What is the highest common factor of 515 and 412?
103
Calculate the greatest common divisor of 1017 and 9.
9
Calculate the greatest common divisor of 65536 and 256.
256
What is the highest common factor of 69 and 92?
23
What is the highest common factor of 2124 and 171?
9
What is the highest common divisor of 288 and 300?
12
Calculate the highest common factor of 116 and 638.
58
Calculate the greatest common factor of 78 and 221.
13
What is the greatest common divisor of 559 and 1001?
13
What is the highest common factor of 573 and 955?
191
What is the highest common factor of 12 and 96?
12
What is the highest common factor of 16 and 2380?
4
Calculate the greatest common divisor of 874 and 38.
38
Calculate the highest common divisor of 14 and 266.
14
What is the highest common divisor of 9 and 6561?
9
Calculate the greatest common factor of 17 and 731.
17
Calculate the highest common divisor of 19198 and 58.
58
Calculate the highest common divisor of 26033 and 7.
7
What is the highest common factor of 15 and 34695?
15
What is the highest common divisor of 27279 and 63?
63
Calculate the highest common divisor of 53 and 53.
53
Calculate the highest common factor of 6 and 69.
3
What is the greatest common divisor of 228 and 152?
76
Calculate the highest common factor of 96 and 36.
12
Calculate the highest common factor of 814 and 22.
22
What is the greatest common divisor of 5215 and 7?
7
What is the highest common factor of 31 and 31?
31
Calculate the greatest common factor of 88 and 28.
4
What is the greatest common factor of 1292 and 152?
76
What is the greatest common factor of 29211 and 819?
273
Calculate the greatest common divisor of 15 and 2085.
15
What is the greatest common divisor 